- -1)?
-3
-6 + (4 - (0 + 3))
-5
5 - (18 - (10 + 2))
-1
-12 + 3 - (-4 - 0)
-5
Calculate (0 - -5) + (0 - 2).
3
1 + -3 + (-1 - (1 - -1))
-5
Calculate (18 - 10) + (-4 - 3).
1
Evaluate (-3 - 1 - -3) + 3 + 2.
4
Evaluate 3 + 1 - (8 - 4 - -4).
-4
What is -5 - ((0 - -3) + -8 + -5)?
5
-2 + 1 + (-6 - -6)
-1
What is (9 - (-6 + 27)) + 12?
0
What is (-14 - -11) + (6 - 1) - 0?
2
Evaluate (-10 - -7) + -6 - -2.
-7
What is -10 + 7 - -2 - 0?
-1
Evaluate -1 - -1 - (-2 + 1 - 3).
4
Evaluate 1 - -3 - -2 - (-24 + 30).
0
Evaluate (-1 - (1 + -6)) + 2 + -1.
5
Calculate -31 - -32 - (-1 + (1 - -1)).
0
What is the value of -14 - -9 - (-8 - -7)?
-4
Evaluate -8 + (-5 - -7) + 8.
2
-1 + (3 - (-2 + -1 + 9))
-4
0 + 1 - 2 - (10 - 15)
4
What is -1 + 4 - -1 - 0?
4
What is (8 - 27 - -21) + (0 - 0)?
2
What is 1 - ((-9 - -3) + 7 - -5)?
-5
Evaluate -7 + 10 + -3 + 5.
5
Evaluate (-6 + -6 + 12 - 5) + 3.
-2
Evaluate -19 + 13 - (-5 - -4).
-5
What is 3 + -11 - -2 - (-35 - -33)?
-4
(7 - 4) + 1 - (5 + 1)
-2
What is the value of -4 + (-5 - (-5 + (0 - 2)))?
-2
Calculate -6 + (9 - (-4 - 1)) - 14.
-6
Evaluate 4 + -3 + (8 - 5).
4
Calculate 1 - (3 + 1) - -8.
5
-4 - (-3 - (-1 - -2)) - 4
-4
What is the value of -4 - (6 + (-11 - -4) + -4)?
1
Evaluate 5 - (3 - 2) - (6 + -4).
2
What is (2 + 0 - 0) + -5?
-3
What is -3 + 2 + 0 - -4?
3
What is the value of -3 - 4 - (51 + -51)?
-7
What is the value of -4 + 2 + (4 - 7)?
-5
What is 0 + 1 + -17 + 17 - 5?
-4
Evaluate -9 + (-9 - -10) + 12.
4
What is (7 - 9) + (5 - (-5 - -12))?
-4
(-1 - -5) + (2 + -4 - -2)
4
Evaluate 5 + -8 + (-15 - -13).
-5
Evaluate 10 + -8 + -1 + -4.
-3
-4 + -3 + (7 - -2 - 5)
-3
(-7 - -1) + (-1 - -7 - 2)
-2
Calculate (-2 - 2) + (-3 - -9).
2
Evaluate -54 - -63 - (7 + -1).
3
3 + (-10 - 3 - -6)
-4
(-8 - -6 - -1) + -2
-3
(3 - -1) + (-21 - -16)
-1
Evaluate -5 - ((7 - 7) + -9).
4
What is 9 + (-5 - -7) + -6 + 0?
5
What is 2 - (7 - (3 - 4))?
-6
What is (-12 - -2 - -10) + -6?
-6
Calculate (-7 - -10) + -2 - (1 - 1).
1
-11 + 17 - (2 - 1)
5
-17 + 9 + 8 - -4
4
Evaluate 5 - (2 + 9 + -6).
0
Evaluate (-14 - -25 - 1) + -4.
6
Evaluate -7 + -12 + -1 + 19.
-1
What is the value of -1 - (4 + -4 - 4)?
3
What is (-2 - 0 - -5) + 2 - 8?
-3
3 + 1 - ((-8 - -4) + 3)
5
What is the value of (-6 - (-3 - 7)) + -9?
-5
Evaluate 7 - (-4 + 15 + (10 - 6)).
-8
Evaluate -7 + 8 - (-3 + 4).
0
What is 5 + 0 + (-7 - -6 - -1)?
5
What is (-4 - (2 - 0)) + 9 + -3?
0
Evaluate -6 + 7 + (-3 - -6 - 2).
2
Calculate 8 + 0 + -39 + 29.
-2
Evaluate 4 + 0 + -5 + -4.
-5
What is -4 + 7 + (5 - 3)?
5
-2 + (-6 - -1) + -1 + 4
-4
What is the value of -8 + (-10 - -11) - (0 + -4)?
-3
Evaluate -3 + 2 + 9 + -14.
-6
2 + 0 - (6 + -3 + -2)
1
What is -2 + 9 + -1 - 1?
5
Calculate 1 - (-4 - (-1 + 4 - 3)).
5
Calculate -5 + 2 + -1 - -4.
0
What is (2 - 11 - -3) + -6 + 2?
-10
What is the value of 1 - (-3 + (-2 - (0 + -2)))?
4
What is the value of (-11 - -7) + (3 - -10)?
9
4 - (-5 + 5 - (-5 + 2))
1
What is -2 - (-4 - -1) - -2?
3
What is 1 - (-2 + 2 + (-2 - -5))?
-2
Evaluate 1 + -3 + 6 + 1 + -5.
0
-6 - (-1 + -6 + 2)
-1
What is the value of (-34 - -24) + -3 + 15?
2
What is the value of -9 + 10 + 8 + -7?
2
Calculate (0 - (9 + -4)) + 2 - -7.
4
What is -5 + 10 + (6 - 20)?
-9
What is the value of -1 - (-5 + -1) - -1?
6
What is 15 - (-6 - -10) - (6 - -1)?
4
What is -18 + 21 - (-3 + 4 - -7)?
-5
Calculate (-1 - 5) + (-12 - -11 - -14).
7
Evaluate (-1 - 3) + (-21 - -25) + -5.
-5
What is 12 + -11 - (-2 - -6)?
-3
Calculate 2 - ((7 - 3) + -5).
3
-2 - (2 + (-5 - -1)) - -2
2
What is the value of (-6 - -7) + (1 - 3)?
-1
Evaluate (0 - 3) + 2 + 3.
2
What is the value of -1 + 8 - 23 - -9?
-7
Evaluate 1 + 5 + 2 + -1 + 0.
7
4 + -2 + 2 + -4 + 1
1
Evaluate -5 - -5 - (-1 + 3 + -2).
0
What is the value of (-5 - (5 - 4)) + 4?
-2
9 - 11 - (-2 + -2)
2
What is 0 - (-2 - -3) - (-1 + 0)?
0
What is the value of -2 + 9 - -2 - 4?
5
What is the value of -3 - (4 + (0 - 4) - 4)?
1
What is the value of -2 - 0 - (-3 + 1)?
0
What is the value of -14 - (9 + (-19 - 0))?
-4
3 - -1 - (6 - 2) - 5
-5
What is the value of 4 - (-8 - -6 - -4)?
2
What is the value of (0 - (11 - 14)) + 1?
4
What is the value of 0 + -2 - (0 + -4)?
2
Evaluate 0 + -1 - (-9 + (1 - -4)).
3
What is -10 + -3 + (-7 - -16)?
-4
What is the value of -1 + -3 + 2 + -1 + 5?
2
Evaluate 5 + (11 - 16) + 1 + 0.
1
Evaluate -20 + -1 - (-17 - -6).
-10
Evaluate 29 - 10 - (1 + 11).
7
What is the value of -6 - -5 - (2 + -3)?
0
-9 - (-5 + 4 - 4)
-4
Evaluate 1 - (5 - (-5 + 11)).
2
What is -7 + (7 - (4 + 6) - -3)?
-7
What is the value of (1 - -5) + -123 + 121?
4
Evaluate (1 - 3) + -5 + 10 - -2.
5
-2 + 3 + (9 - 25) + 7
-8
Evaluate -1 + (1 - 7) - (-7 - -3).
-3
What is 3 + 3 + -4 + -7?
-5
-5 + 3 + -6 + (-3 - -6)
-5
What is 2 + 0 + -8 + 5 + -1?
-2
Evaluate -17 + 10 - (3 + -5 + -3).
-2
What is the value of 2 + 1 + (-4 - (-5 + 6))?
-2
Calculate 4 + 0 - (13 - 10).
1
What is -4 + -1 + (-2 - -8)?
1
14 + -11 - (-6 - -2) - 16
-9
(2 - -1) + -3 + 5
5
-1 + 0 - (6 - (-3 - -10))
0
Calculate (7 - (2 - (-3 - -2))) + -3.
1
Calculate -8 + (5 - 4) + (-7 - -4).
-10
9 + 11 + -22 + 6
4
What is the value of 8 - (5 - ((1 - 3) + 3))?
4
Evaluate 0 + (7 - 5) + 3.
5
What is the value of -13 + 19 - (12 + 1 + -2)?
-5
What is the value of -5 - (-1 + 0) - (-4 + -5)?
5
Evaluate 0 + 3 + -4 - 4.
-5
What is 1 + (8 + -14 - -8)?
3
Evaluate 3 + (-3 - -2) + -6.
-4
Evaluate -5 + (8 - 4 - 0).
-1
Calculate -3 + 9 - 2 - 1.
3
Evaluate 5 + (0 - 2 - 0 - -2).
5
Evaluate 0 + 2 + -3 + -3 - 0.
-4
What is -5 - (3 - 3) - -4?
-1
Evaluate 0 + -2 - (0 - 0).
-2
Evaluate (2 - 7) + 1 + 3.
-1
What is -3 + (1 + 0 - 0) + -1?
-3
(5 - 1) + 1 + -7
-2
What is the value of -4 + 1 + -3 - -4?
-2
Calculate 3 - (4 - (-2 - -4)).
1
What is -6 + -3 - (4 + -15)?
2
What is 8 + (-1 - (2 - -1))?
4
What is the value of (-5 - 0 - (-8 + 9)) + 10?
4
Evaluate -4 - -3 - -2 - 0.
1
4 + (-2 - 4) + 8 + -4
2
(24 - (16 - 3)) + -3
8
What is the value of -1 - -6 - (7 - 1)?
-1
What is -3 + -12 + 8 + 6?
-1
What is 8 - (-7 + 12) - (3 - 2)?
2
Evaluate 4 - (1 + 3 - 1).
1
4 - (-3 + 3) - 9
-5
What is the value of (-5 - (2 - 7)) + -2 - -1?
-1
Calculate -12 - (-1 - 2) - -4 - -4.
-1
What is the value of (5 - (3 + 2)) + -1?
-1
What is 2 + (7 - 7) + -1 + 1?
2
Calculate -257 + 254 - (-2 + 1 - 7).
5
Evaluate 3 + (-3 - 1) - (-1 + 0).
0
Evaluate -17 + (12 - 4) + (4 - 1).
-6
Calculate -15 - (-4 + 2 + 8 - 11).
-10
What is the value of (8 - (7 - 3)) + -1?
3
Evaluate -178 - -177 - (-2 + 0 + 12).
-11
What is the value of 5 + -2 - (-3 + 2)?
4
What is (-4 - (2 - 8 - -1)) + -3?
-2
What is 4 + -12 + 10 - (2 + -4)?
4
Calculate 4 + 9 + -15 + -4.
-6
What is the value of 18 - 11 - 16 - -15?
6
Calculate -3 + -1 + 1 - -2.
-1
What is 2 + (2 - 2) - 0?
2
Evaluate -3 - 1 - (2 + 5 + -8).
-3
What is the value of 1 + (1 - (-6 + 1 + 2))?
5
3 - -4 - (6 + -2 - -3)
0
Evaluate (6 + -10 - 5) + 5 - -10.
6
1 + -1 - ((-6 - -12) + -5)
-1
Calculate (9 + -7 - (-7 - -6)) + 4.
7
14 + -18 + (0 - 2)
-6
What is (3 - 1 - (-4 + 2)) + 2?
6
Evaluate (-6 - (-6 + -1)) + -3 + -1.
-3
Evaluate 16 + (1 + -6 - 4) + 2.
9
What is the value of 8 + (-2 - (13 + -5)) + 4?
2
0 + 13 + -6 + (1 - 0)
8
Evaluate 16 - 8 - (-15 - -26).
-3
Calculate (0 + 1 + -9 - -3) + 4.
-1
-2 - (-7 + 4) - -6
7
What is 1 + -4 - (-1 - -8 - 8)?
-2
What is 14 + -3 + -7 - (-1 + 1)?
4
What is the value of 1 + 5 + 5 + -4?
7
1 + 4 + 1 + (-1 - -1)
6
(9 + -3 - 5) + 1
2
Evaluate 1 + -6 - (-1 - -1).
-5
Evaluate -3 + 5 + 3 - 1.
4
(2 - -3) + (3 - 5)
3
(7 - (2 - 2)) + (-5 - -2)
4
Evaluate (4 - (-2 + -3)) + -2 + -1.
6
What is (-10 - -5) + 1 + 1 + -1?
-4
Evaluate -17 + 12 - (1 + -2).
-4
Calculate -2 - (1 - 6) - (0 - 1).
4
Evaluate -2 - -2 - (-6 + 4).
2
What is the value of -3 - 3 - -8 - 5?
-3
Evaluate -3 - -4 - (1 - -4) - -8.
4
Calculate 3 + (-7 - 5 - -8).
-1
What is the value of -3 + 6 - 1 - 6?
-4
What is the value of (17 - (9 + 2)) + -5 + -2?
-1
What is 7 + -8 - (0 - 1)?
0
What is (-6 + 11 - 1) + -6?
-2
What is the value of (11 - 9) + (-3 - (-3 + 2))?
0
Calculate 1 - (-5 + 14 + -3 + 3).
-8
What is the value of 6 - (7 - (-3 + 6))?
2
Evaluate -4 - (0 + -7 - -2).
1
What is the value of 0 - ((-4 - -4) + -4)?
4
18 + (8 - 10) + 0 + -7
9
Calculate (2 - 5) + -3 - -10.
4
Evaluate (-1 - -5) + 28 + -32.
0
What is the value of (-28 + 24 - (2 - 2)) + 12?
8
What is (0 - (-3 - 0)) + 10 + -17?
-4
What is the value of -6 - (-23 - 